se 15, what is 2d - -14a?
178
In base 11, what is -10391 - 4?
-10395
In base 9, what is -1 + -56078?
-56080
In base 7, what is -4120 + 5?
-4112
In base 13, what is -9 - -355?
349
In base 6, what is -221252 + -131?
-221423
In base 5, what is 2143 - -2230?
4423
In base 11, what is 2 + 57445?
57447
In base 2, what is 101 - -11110001011011000110?
11110001011011001011
In base 3, what is -12102100 - 1101?
-12110201
In base 9, what is 741200 - -3?
741203
In base 8, what is -10 + 56632?
56622
In base 9, what is 11680885 + 4?
11681000
In base 7, what is -4433366 - 0?
-4433366
In base 8, what is 2 + 755354?
755356
In base 11, what is 36 + -2a074?
-2a039
In base 9, what is -1 - -22164?
22163
In base 13, what is -35 + -8c?
-c4
In base 4, what is 122122111 + -11?
122122100
In base 9, what is -11721 - 63?
-11784
In base 14, what is -8553 + 4?
-854d
In base 2, what is -1 + -1001001110101101?
-1001001110101110
In base 8, what is 3514 + -135?
3357
In base 4, what is 21112031 - -2?
21112033
In base 11, what is 5057 + 108?
5164
In base 11, what is 166 - 1007?
-951
In base 11, what is 1 + -4a11?
-4a10
In base 4, what is 20322021 + -10?
20322011
In base 7, what is 1 + 1150115?
1150116
In base 8, what is 136 + 733?
1071
In base 10, what is 1 - -719?
720
In base 13, what is -3cc2 - -44?
-3c7b
In base 9, what is 4 - -6236?
6241
In base 8, what is 2 + 202415?
202417
In base 4, what is 10 - -1230001?
1230011
In base 5, what is 143010 + 1034?
144044
In base 10, what is -2807 - -293?
-2514
In base 14, what is -1 - -722?
721
In base 9, what is -32 - -21071?
21038
In base 10, what is -5 - 49945?
-49950
In base 3, what is -1120 + -10122?
-12012
In base 7, what is -66 + 4?
-62
In base 9, what is 131472 - -4?
131476
In base 5, what is 44 - -4414?
10013
In base 4, what is -12233301232 + 3?
-12233301223
In base 5, what is 203400102 - 1?
203400101
In base 11, what is -1a + 1282?
1263
In base 7, what is -2 + 4641?
4636
In base 4, what is 2311 - 1030332?
-1022021
In base 9, what is 43 + 704?
747
In base 8, what is 22 + 121367?
121411
In base 8, what is -270 + -74?
-364
In base 4, what is -2123113 + -13?
-2123132
In base 13, what is -5 - -bb?
b6
In base 9, what is -26685 + -52?
-26747
In base 15, what is -516 - db?
-602
In base 14, what is -47 + 9a?
53
In base 16, what is 4 + 5bbaf?
5bbb3
In base 5, what is 234 - 202314?
-202030
In base 2, what is -10 - -1001100010100100110?
1001100010100100100
In base 10, what is 55457 + -91?
55366
In base 3, what is 10 - 222210012?
-222210002
In base 3, what is -10002211201 + 1200?
-10002210001
In base 7, what is -6465103 - 6?
-6465112
In base 4, what is 131213 + 102111?
233330
In base 9, what is 3864 - -1163?
5137
In base 7, what is -13603 + 15?
-13555
In base 5, what is 30344 + -14?
30330
In base 5, what is -2012232 - 0?
-2012232
In base 16, what is 1b - -1bad?
1bc8
In base 12, what is -155 + 372?
219
In base 5, what is 431 + -201411?
-200430
In base 11, what is -62254 - 5?
-62259
In base 7, what is 2262 + -252?
2010
In base 12, what is 0 + -5446a?
-5446a
In base 6, what is 35022453 + -5?
35022444
In base 2, what is 1011 + -11001100000110001001?
-11001100000101111110
In base 10, what is 110437 + 3?
110440
In base 13, what is 819 - -6b?
887
In base 6, what is 501 + 1255?
2200
In base 10, what is -3 - 16249?
-16252
In base 12, what is 117707 + -14?
1176b3
In base 3, what is -122 - -1110220?
1110021
In base 3, what is 210 + 11002221000?
11002221210
In base 5, what is 10121 + 142332?
203003
In base 8, what is 1605 - -175?
2002
In base 10, what is 3 + 6750?
6753
In base 2, what is 1001100010110110000 + -10?
1001100010110101110
In base 8, what is 70 - 2463?
-2373
In base 8, what is -20106 + -26?
-20134
In base 8, what is 15730 + -2?
15726
In base 12, what is 3652 + 9?
365b
In base 8, what is 43 + -51240?
-51175
In base 13, what is 2 - -31?
33
In base 9, what is -125760 + 0?
-125760
In base 14, what is 5 - 4220?
-4219
In base 13, what is -4 + 9c6?
9c2
In base 16, what is 8b9b1 - 1?
8b9b0
In base 15, what is 1c1 - -d8?
2a9
In base 3, what is 1010 + -101120120?
-101112110
In base 13, what is -2 + 187004?
187002
In base 14, what is -14b + 264?
117
In base 6, what is 5 + -125025?
-125020
In base 8, what is -34331 - 6?
-34337
In base 13, what is 184 - a7?
aa
In base 2, what is 10011 + -1111011001101?
-1111010111010
In base 2, what is 1000101101001 + 10000?
1000101111001
In base 7, what is -105 + 453025?
452620
In base 10, what is 2 - -280672?
280674
In base 6, what is -441 + -3220?
-4101
In base 15, what is 3bb68 + 2?
3bb6a
In base 10, what is 4 + -15530?
-15526
In base 9, what is -47 + -1035?
-1083
In base 16, what is -345e8 + c?
-345dc
In base 6, what is -4 - 1035020?
-1035024
In base 2, what is -10011100 + 100111110?
10100010
In base 8, what is -10 + -2130?
-2140
In base 6, what is -3150010 - 4?
-3150014
In base 13, what is -139 + 4ca?
391
In base 10, what is 170261 - -11?
170272
In base 6, what is 5250155 + 4?
5250203
In base 6, what is 155 + -321?
-122
In base 10, what is 3836973 + -5?
3836968
In base 6, what is 1 + -144505?
-144504
In base 10, what is -1148 + 68?
-1080
In base 8, what is -173062 - 5?
-173067
In base 10, what is -5 - 8980?
-8985
In base 7, what is -330466 - 0?
-330466
In base 6, what is -5 + -13124523?
-13124532
In base 16, what is 5 + 4e8c?
4e91
In base 15, what is 721dc - -1?
721dd
In base 12, what is -79b9 + 4?
-79b5
In base 8, what is 1603426 + -4?
1603422
In base 11, what is -1a5 + -1a9?
-3a3
In base 16, what is 4a9e - 4b?
4a53
In base 4, what is 212203131 + -13?
212203112
In base 11, what is -490008 - -4?
-490004
In base 3, what is 1011200 - 1102111?
-20211
In base 4, what is -10312 + 100320?
30002
In base 4, what is 1023111 - -133?
1023310
In base 5, what is -2114 - -3410?
1241
In base 5, what is -24433 - 0?
-24433
In base 13, what is 7 + 23a0?
23a7
In base 11, what is -49 + 1617?
1579
In base 12, what is 4 - 54458?
-54454
In base 9, what is -8 + 2557?
2548
In base 5, what is -13 + -14240?
-14303
In base 10, what is -3 - -59278?
59275
In base 11, what is -198147 + -7?
-198153
In base 14, what is 116 + -7da?
-6c4
In base 2, what is -1100110001 + -10010100?
-1111000101
In base 13, what is 0 - 23b18?
-23b18
In base 3, what is 1120120 - 0?
1120120
In base 14, what is 67c - -117?
795
In base 6, what is 122 + -30002?
-25440
In base 11, what is 141 + -2a0?
-15a
In base 13, what is -a + 666?
659
In base 4, what is 131 + -20331?
-20200
In base 4, what is 10 - 222202121?
-222202111
In base 3, what is -21220220 + -12020?
-22010010
In base 8, what is 10347 - 63?
10264
In base 13, what is 3 + c3ab?
c3b1
In base 11, what is -20730 - 3?
-20733
In base 4, what is 21113 - 2210031?
-2122312
In base 11, what is 277 - -94?
360
In base 5, what is -2 - 104441?
-104443
In base 13, what is -93 - -4c?
-44
In base 5, what is 1400133 - 3?
1400130
In base 6, what is 15550 + 2?
15552
In base 5, what is -313304 + 104?
-313200
In base 11, what is -16 - 11776?
-11791
In base 2, what is -1 - -100110000000101101?
100110000000101100
In base 3, what is 2011011121 - -11?
2011011202
In base 9, what is 60 + -281?
-221
In base 5, what is -2 + -10002400?
-10002402
In base 14, what is 4 + 2c542?
2c546
In base 10, what is -10920 - -142?
-10778
In base 3, what is -120 + -2210211201?
-2210212021
In base 3, what is 10201220221 - -12?
10201221010
In base 9, what is -40665 + 3?
-40662
In base 7, what is -14234 - 45?
-14312
In base 10, what is 4 - 105897?
-105893
In base 4, what is 1 - -122031033?
122031100
In base 13, what is -2 + 1ba8?
1ba6
In base 3, what is 22220220 - 102?
22220111
In base 16, what is 5 + 13dc5?
13dca
In base 9, what is -2 + 41675?
41673
In base 2, what is -1010001100010 - 10001?
-1010001110011
In base 13, what is -11ac8 + 3?
-11ac5
In base 14, what is -8c6 - 53?
-939
In base 2, what is 101001010101 + -110?
101001001111
In base 7, what is 323432 + -1?
323431
In base 14, what is -19a + -4d7?
-693
In base 2, what is -110010100111 - -110010010?
-101100010101
In base 16, what is -24e57 - -5?
-24e52
In base 10, what is 29100 + -180?
28920
In base 10, what is 68 + -160?
-92
In base 4, what is 110320 + 130232?
301212
In base 9, what is 2 + -7267?
-7265
In base 12, what is 3 + 42162?
42165
In base 16, what is d91c - 0?
d91c
In base 7, what is -102630 - 4?
-1